2 (base 9) to base 16.
33c3f2
What is 212e0 (base 15) in base 6?
2131233
-14214133 (base 5) to base 4
-210021023
What is 450336 (base 9) in base 7?
2201031
4563443 (base 7) to base 13
16c769
Convert -3034322 (base 8) to base 4.
-3003203102
What is 11111221021 (base 3) in base 15?
1b511
What is 3ba82 (base 12) in base 3?
11012111222
-30300311 (base 7) to base 9
-4662388
What is -122002112210 (base 3) in base 8?
-1221124
What is -201001102122 (base 3) in base 2?
-1011011100011101100
Convert -1026140 (base 8) to base 7.
-2216250
Convert 703898 (base 10) to base 7.
5661116
Convert -6443 (base 10) to base 5.
-201233
What is 10102440102 (base 5) in base 11?
5839345
-11322243214 (base 5) to base 9
-26556364
312013320 (base 4) to base 8
660770
123140 (base 10) to base 8
360404
Convert -c54d8 (base 15) to base 12.
-261b72
1330011302 (base 4) to base 12
206182
Convert 283c336 (base 14) to base 13.
407167b
What is 12021022220 (base 3) in base 8?
312516
What is -1ea3b8 (base 15) in base 6?
-52113015
Convert 4714181 (base 12) to base 16.
d140f1
852a2 (base 11) to base 5
12433022
What is 112313313301 (base 4) in base 3?
102021121222201
716927 (base 11) to base 14
21d6d8
What is -270021 (base 8) in base 9?
-153224
a2630 (base 16) to base 6
22131200
Convert -284a1a (base 14) to base 4.
-11110303200
75a101 (base 11) to base 10
1213994
What is 447270 (base 8) in base 2?
100100111010111000
Convert 331150 (base 9) to base 11.
125584
-113111133010 (base 4) to base 6
-335040524
4a9432 (base 11) to base 15
10ce5c
What is 573746 (base 10) in base 7?
4606505
What is -22202210000112 (base 3) in base 11?
-26a3569
Convert 12593 (base 14) to base 6.
544221
What is 32b265 (base 12) in base 14?
170313
-24375b (base 13) to base 6
-30311052
What is 46922 (base 14) in base 4?
221332102
876581 (base 11) to base 9
2562763
Convert 2010165 (base 8) to base 5.
113403001
What is -73072 (base 13) in base 4?
-302130103
What is 624242 (base 9) in base 10?
370532
305163 (base 8) to base 9
163458
10212011322 (base 4) to base 10
1204602
What is -41455 (base 7) in base 8?
-23707
What is 3885478 (base 10) in base 8?
16644646
Convert -442223012 (base 5) to base 16.
-1d3514
What is 3007a31 (base 11) in base 15?
702cb4
Convert 1986111 (base 10) to base 16.
1e4e3f
356657 (base 11) to base 10
565132
What is 57c15 (base 16) in base 2?
1010111110000010101
42bcc6 (base 15) to base 9
5874386
-11010020112211 (base 3) to base 10
-2189587
What is -115db1 (base 16) in base 15?
-177332
Convert -432441443 (base 5) to base 7.
-21445160
Convert 2033001 (base 6) to base 7.
555163
Convert -11a0974 (base 13) to base 7.
-64424132
What is -424144021 (base 5) in base 15?
-2548e1
Convert 618e6 (base 15) to base 5.
34343031
What is 12023 (base 4) in base 15?
1b5
Convert 11100001011010010 (base 2) to base 5.
12143120
136625 (base 9) to base 11
57904
Convert 506448 (base 11) to base 9.
1470256
Convert -5275372 (base 9) to base 3.
-12022112102102
What is -3537383 (base 9) in base 16?
-1d3730
What is -242855 (base 10) in base 11?
-156508
What is -45198 (base 12) in base 16?
-166c4
-28191 (base 14) to base 8
-301443
Convert 701c4b (base 16) to base 5.
3340103100
What is -ac7cb (base 13) in base 5?
-40011244
Convert -b85eb (base 16) to base 11.
-476417
1023302110 (base 4) to base 11
1a2250
Convert 110111111101010010 (base 2) to base 6.
4525042
-1056510 (base 8) to base 14
-76344
102112021002101 (base 3) to base 7
103034515
Convert 44310342 (base 5) to base 4.
1132001021
-1114465 (base 7) to base 9
-230847
7106a2 (base 15) to base 4
110132133020
What is 457031 (base 8) in base 15?
30e91
Convert 8c84 (base 14) to base 15.
7380
768b (base 13) to base 4
10001330
What is 1332132 (base 4) in base 9?
12083
64630 (base 7) to base 5
1003333
What is 30321110123 (base 4) in base 6?
200242255
Convert 1016563 (base 7) to base 5.
12404043
-10000010111111001 (base 2) to base 4
-100113321
What is 71463 (base 16) in base 15?
92716
Convert -66824 (base 9) to base 2.
-1010110101111010
Convert -30141240 (base 6) to base 14.
-182c64
Convert 50231264 (base 8) to base 12.
3655704
Convert -a1427 (base 13) to base 5.
-33213031
What is -146461 (base 9) in base 2?
-10101111110111110
Convert 5671343 (base 8) to base 12.
621397
-477204 (base 9) to base 2
-1000110001010100000
What is 2003010101 (base 4) in base 5?
114134344
1020010220000 (base 3) to base 16
9f456
What is 1001010011100001 (base 2) in base 6?
452241
-2093a (base 15) to base 16
-193a2
Convert -499a61 (base 12) to base 6.
-41411001
92122 (base 11) to base 15
29d1b
What is -22324611 (base 7) in base 8?
-7313521
Convert -85408 (base 12) to base 10.
-175112
What is 201102022020 (base 3) in base 10?
382218
31622226 (base 7) to base 4
22101321012
Convert -2001110021 (base 4) to base 5.
-113422143
What is 1131331112 (base 4) in base 9?
645825
Convert -882726 (base 10) to base 16.
-d7826
-411a0 (base 13) to base 8
-344004
Convert 66968 (base 11) to base 8.
275343
1540336 (base 8) to base 4
1230003132
Convert 90358 (base 12) to base 8.
555364
-11121023310 (base 4) to base 11
-8862a2
What is -61391 (base 11) in base 12?
-43a60
21857 (base 12) to base 9
66834
Convert 3666c (base 14) to base 8.
403570
2233043 (base 6) to base 4
123230103
What is 2313012424 (base 5) in base 8?
23664222
What is 13123232 (base 5) in base 9?
217061
What is 1b6d2 (base 14) in base 15?
15ae0
Convert -48bb3 (base 12) to base 10.
-98487
Convert -175102 (base 13) to base 9.
-1076774
Convert -1101111001111101001 (base 2) to base 15.
-90022
-1205630 (base 7) to base 6
-3141405
10243112 (base 6) to base 5
34120424
What is -4d641a (base 14) in base 10?
-2667976
What is 100313111223 (base 4) in base 5?
2112432341
What is 6712546 (base 8) in base 4?
12321111212
-1021010002201 (base 3) to base 15
-d3e57
-1011401 (base 7) to base 15
-25ae5
Convert 726a8 (base 11) to base 9.
171350
What is 1101210000020 (base 3) in base 5?
142243321
Convert -215340 (base 9) to base 8.
-373107
What is -11020220101020 (base 3) in base 9?
-4226336
833122 (base 9) to base 4
1320230123
What is 3498 (base 11) in base 10?
4584
What is 111854 (base 10) in base 9?
180382
-94003 (base 10) to base 3
-11202221121
Convert 4a334d (base 14) to base 9.
4707160
1005388 (base 9) to base 13
159914
What is 111200442 (base 5) in base 8?
1676373
Convert -131331120 (base 4) to base 7.
-1020522
Convert 4c139 (base 15) to base 10.
243279
What is 124493 (base 12) in base 7?
2350344
What is 112201222101 (base 3) in base 12?
11ba91
-1068375 (base 9) to base 2
-10001100110110110110
What is -20233022021 (base 4) in base 15?
-303928
What is -6841386 (base 9) in base 2?
-1110000100011110001100
What is -222823 (base 10) in base 11?
-142457
What is 2315013 (base 6) in base 8?
350361
Convert -112202200002 (base 3) to base 5.
-33300010
Convert 1010201001221 (base 3) to base 9.
1121057
111001001110001001 (base 2) to base 8
711611
4417507 (base 9) to base 13
651772
-1110000120 (base 4) to base 2
-1010100000000011000
What is 14b224 (base 12) in base 10?
351100
2528a (base 15) to base 12
58841
-40324334 (base 6) to base 11
-713557
111330102 (base 5) to base 6
14342404
Convert -10414014 (base 5) to base 10.
-91759
What is -540550 (base 7) in base 4?
-112323133
Convert -1b1817 (base 14) to base 12.
-3a6365
What is 3bd67 (base 14) in base 5?
14214241
dd3860 (base 15) to base 13
22514a3
What is 101324 (base 10) in base 7?
601256
What is 105125 (base 6) in base 12?
51a5
Convert -4251312 (base 8) to base 16.
-1152ca
-448672 (base 9) to base 15
-549b8
What is 1010111110011001001 (base 2) in base 3?
200021022110
Convert 1c892 (base 14) to base 6.
1322052
What is -21221200212 (base 3) in base 10?
-156515
-56cb72 (base 13) to base 15
-2a9367
What is -2fc63 (base 16) in base 6?
-4105535
Convert -11143404 (base 5) to base 15.
-1e8be
Convert -14c663 (base 14) to base 11.
-456239
Convert -11100010100101101 (base 2) to base 12.
-57179
4304013332 (base 5) to base 4
202200332133
20277561 (base 8) to base 12
1530095
What is -2250403 (base 6) in base 10?
-115491
What is -1011011111010110 (base 2) in base 15?
-de27
Convert -100110010110000100 (base 2) to base 15.
-3180a
What is 210001211000 (base 3) in base 9?
701730
Convert 2aa1e (base 16) to base 13.
61636
Convert -4515 (base 13) to base 9.
-14213
300